{"id":138,"date":"2023-09-26T14:01:42","date_gmt":"2023-09-26T12:01:42","guid":{"rendered":"http:\/\/anggytasetyorini.fr\/?page_id=138"},"modified":"2025-06-03T10:44:15","modified_gmt":"2025-06-03T08:44:15","slug":"home","status":"publish","type":"page","link":"https:\/\/anggytasetyorini.fr\/","title":{"rendered":"Home"},"content":{"rendered":"\t\t<div data-elementor-type=\"wp-page\" data-elementor-id=\"138\" class=\"elementor elementor-138\">\n\t\t\t\t<div class=\"elementor-element elementor-element-1491829 e-con-full e-flex e-con e-parent\" data-id=\"1491829\" data-element_type=\"container\" data-e-type=\"container\">\n\t\t\t\t<div class=\"elementor-element elementor-element-b2943fe elementor-invisible elementor-widget elementor-widget-image\" data-id=\"b2943fe\" data-element_type=\"widget\" data-e-type=\"widget\" data-settings=\"{&quot;_animation&quot;:&quot;fadeIn&quot;}\" data-widget_type=\"image.default\">\n\t\t\t\t<div class=\"elementor-widget-container\">\n\t\t\t\t\t\t\t\t\t\t\t\t\t\t\t<img fetchpriority=\"high\" decoding=\"async\" width=\"1920\" height=\"1280\" src=\"https:\/\/anggytasetyorini.fr\/wp-content\/uploads\/2023\/09\/kkkkk.jpg\" class=\"attachment-full size-full wp-image-234\" alt=\"\" srcset=\"https:\/\/anggytasetyorini.fr\/wp-content\/uploads\/2023\/09\/kkkkk.jpg 1920w, https:\/\/anggytasetyorini.fr\/wp-content\/uploads\/2023\/09\/kkkkk-300x200.jpg 300w, https:\/\/anggytasetyorini.fr\/wp-content\/uploads\/2023\/09\/kkkkk-1024x683.jpg 1024w, https:\/\/anggytasetyorini.fr\/wp-content\/uploads\/2023\/09\/kkkkk-768x512.jpg 768w, https:\/\/anggytasetyorini.fr\/wp-content\/uploads\/2023\/09\/kkkkk-1536x1024.jpg 1536w, https:\/\/anggytasetyorini.fr\/wp-content\/uploads\/2023\/09\/kkkkk-600x400.jpg 600w\" sizes=\"(max-width: 1920px) 100vw, 1920px\" \/>\t\t\t\t\t\t\t\t\t\t\t\t\t\t\t<\/div>\n\t\t\t\t<\/div>\n\t\t\t\t<div class=\"elementor-element elementor-element-3eb3742 elementor-view-default elementor-widget elementor-widget-icon\" data-id=\"3eb3742\" data-element_type=\"widget\" data-e-type=\"widget\" data-widget_type=\"icon.default\">\n\t\t\t\t<div class=\"elementor-widget-container\">\n\t\t\t\t\t\t\t<div class=\"elementor-icon-wrapper\">\n\t\t\t<a class=\"elementor-icon\" href=\"#photos\">\n\t\t\t<svg xmlns=\"http:\/\/www.w3.org\/2000\/svg\" width=\"31\" height=\"58\" viewBox=\"0 0 31 58\" fill=\"none\"><g clip-path=\"url(#clip0_109_29)\"><path d=\"M14.6243 54.0792L13.4395 0H17.5598L16.3927 54.0792H14.6243Z\" fill=\"white\"><\/path><path d=\"M0 40.7449C9.08956 40.8508 16.8705 49.0457 16.393 58H14.6246C14.4832 50.3527 7.55105 43.8356 0 44.2948V40.7449Z\" fill=\"white\"><\/path><path d=\"M30.9994 44.1005C23.3776 43.7119 16.4455 50.3173 16.3748 58H14.6064C14.182 49.081 21.9806 40.9744 30.9994 40.9391V44.1005Z\" fill=\"white\"><\/path><\/g><defs><clipPath id=\"clip0_109_29\"><rect width=\"31\" height=\"58\" fill=\"white\"><\/rect><\/clipPath><\/defs><\/svg>\t\t\t<\/a>\n\t\t<\/div>\n\t\t\t\t\t\t<\/div>\n\t\t\t\t<\/div>\n\t\t\t\t<\/div>\n\t\t<div class=\"elementor-element elementor-element-3562ce4 e-con-full e-flex e-con e-parent\" data-id=\"3562ce4\" data-element_type=\"container\" data-e-type=\"container\" id=\"photos\">\n\t\t<div class=\"elementor-element elementor-element-75e5f4a e-con-full e-flex e-con e-child\" data-id=\"75e5f4a\" data-element_type=\"container\" data-e-type=\"container\">\n\t\t\t\t<div class=\"elementor-element elementor-element-b2b6583 elementor-invisible elementor-widget elementor-widget-image\" data-id=\"b2b6583\" data-element_type=\"widget\" data-e-type=\"widget\" data-settings=\"{&quot;_animation&quot;:&quot;fadeInLeft&quot;}\" data-widget_type=\"image.default\">\n\t\t\t\t<div class=\"elementor-widget-container\">\n\t\t\t\t\t\t\t\t\t\t\t\t\t\t\t<img decoding=\"async\" width=\"1280\" height=\"1920\" src=\"https:\/\/anggytasetyorini.fr\/wp-content\/uploads\/2023\/09\/exif_temp_image4.jpg\" class=\"attachment-full size-full wp-image-133\" alt=\"\" srcset=\"https:\/\/anggytasetyorini.fr\/wp-content\/uploads\/2023\/09\/exif_temp_image4.jpg 1280w, https:\/\/anggytasetyorini.fr\/wp-content\/uploads\/2023\/09\/exif_temp_image4-200x300.jpg 200w, https:\/\/anggytasetyorini.fr\/wp-content\/uploads\/2023\/09\/exif_temp_image4-683x1024.jpg 683w, https:\/\/anggytasetyorini.fr\/wp-content\/uploads\/2023\/09\/exif_temp_image4-768x1152.jpg 768w, https:\/\/anggytasetyorini.fr\/wp-content\/uploads\/2023\/09\/exif_temp_image4-1024x1536.jpg 1024w, https:\/\/anggytasetyorini.fr\/wp-content\/uploads\/2023\/09\/exif_temp_image4-600x900.jpg 600w\" sizes=\"(max-width: 1280px) 100vw, 1280px\" \/>\t\t\t\t\t\t\t\t\t\t\t\t\t\t\t<\/div>\n\t\t\t\t<\/div>\n\t\t\t\t<\/div>\n\t\t<div class=\"elementor-element elementor-element-bedf3bf e-con-full e-flex e-con e-child\" data-id=\"bedf3bf\" data-element_type=\"container\" data-e-type=\"container\">\n\t\t\t\t<div class=\"elementor-element elementor-element-9813392 elementor-invisible elementor-widget elementor-widget-image\" data-id=\"9813392\" data-element_type=\"widget\" data-e-type=\"widget\" data-settings=\"{&quot;_animation&quot;:&quot;fadeInUp&quot;}\" data-widget_type=\"image.default\">\n\t\t\t\t<div class=\"elementor-widget-container\">\n\t\t\t\t\t\t\t\t\t\t\t\t\t\t\t<img decoding=\"async\" width=\"1280\" height=\"1855\" src=\"https:\/\/anggytasetyorini.fr\/wp-content\/uploads\/2023\/09\/exif_temp_image1.jpg\" class=\"attachment-full size-full wp-image-130\" alt=\"\" srcset=\"https:\/\/anggytasetyorini.fr\/wp-content\/uploads\/2023\/09\/exif_temp_image1.jpg 1280w, https:\/\/anggytasetyorini.fr\/wp-content\/uploads\/2023\/09\/exif_temp_image1-207x300.jpg 207w, https:\/\/anggytasetyorini.fr\/wp-content\/uploads\/2023\/09\/exif_temp_image1-707x1024.jpg 707w, https:\/\/anggytasetyorini.fr\/wp-content\/uploads\/2023\/09\/exif_temp_image1-768x1113.jpg 768w, https:\/\/anggytasetyorini.fr\/wp-content\/uploads\/2023\/09\/exif_temp_image1-1060x1536.jpg 1060w, https:\/\/anggytasetyorini.fr\/wp-content\/uploads\/2023\/09\/exif_temp_image1-600x870.jpg 600w\" sizes=\"(max-width: 1280px) 100vw, 1280px\" \/>\t\t\t\t\t\t\t\t\t\t\t\t\t\t\t<\/div>\n\t\t\t\t<\/div>\n\t\t\t\t<\/div>\n\t\t<div class=\"elementor-element elementor-element-7331f97 e-con-full e-flex e-con e-child\" data-id=\"7331f97\" data-element_type=\"container\" data-e-type=\"container\">\n\t\t\t\t<div class=\"elementor-element elementor-element-2284298 elementor-invisible elementor-widget elementor-widget-image\" data-id=\"2284298\" data-element_type=\"widget\" data-e-type=\"widget\" data-settings=\"{&quot;_animation&quot;:&quot;fadeInUp&quot;}\" data-widget_type=\"image.default\">\n\t\t\t\t<div class=\"elementor-widget-container\">\n\t\t\t\t\t\t\t\t\t\t\t\t\t\t\t<img loading=\"lazy\" decoding=\"async\" width=\"1260\" height=\"840\" src=\"https:\/\/anggytasetyorini.fr\/wp-content\/uploads\/2023\/09\/exif_temp_image3.jpg\" class=\"attachment-full size-full wp-image-132\" alt=\"\" srcset=\"https:\/\/anggytasetyorini.fr\/wp-content\/uploads\/2023\/09\/exif_temp_image3.jpg 1260w, https:\/\/anggytasetyorini.fr\/wp-content\/uploads\/2023\/09\/exif_temp_image3-300x200.jpg 300w, https:\/\/anggytasetyorini.fr\/wp-content\/uploads\/2023\/09\/exif_temp_image3-1024x683.jpg 1024w, https:\/\/anggytasetyorini.fr\/wp-content\/uploads\/2023\/09\/exif_temp_image3-768x512.jpg 768w, https:\/\/anggytasetyorini.fr\/wp-content\/uploads\/2023\/09\/exif_temp_image3-600x400.jpg 600w\" sizes=\"(max-width: 1260px) 100vw, 1260px\" \/>\t\t\t\t\t\t\t\t\t\t\t\t\t\t\t<\/div>\n\t\t\t\t<\/div>\n\t\t\t\t<\/div>\n\t\t<div class=\"elementor-element elementor-element-e00d305 e-con-full e-flex e-con e-child\" data-id=\"e00d305\" data-element_type=\"container\" data-e-type=\"container\">\n\t\t\t\t<div class=\"elementor-element elementor-element-19db8f9 elementor-invisible elementor-widget elementor-widget-image\" data-id=\"19db8f9\" data-element_type=\"widget\" data-e-type=\"widget\" data-settings=\"{&quot;_animation&quot;:&quot;fadeInRight&quot;}\" data-widget_type=\"image.default\">\n\t\t\t\t<div class=\"elementor-widget-container\">\n\t\t\t\t\t\t\t\t\t\t\t\t\t\t\t<img loading=\"lazy\" decoding=\"async\" width=\"1280\" height=\"1920\" src=\"https:\/\/anggytasetyorini.fr\/wp-content\/uploads\/2023\/09\/exif_temp_image7.jpg\" class=\"attachment-full size-full wp-image-136\" alt=\"\" srcset=\"https:\/\/anggytasetyorini.fr\/wp-content\/uploads\/2023\/09\/exif_temp_image7.jpg 1280w, https:\/\/anggytasetyorini.fr\/wp-content\/uploads\/2023\/09\/exif_temp_image7-200x300.jpg 200w, https:\/\/anggytasetyorini.fr\/wp-content\/uploads\/2023\/09\/exif_temp_image7-683x1024.jpg 683w, https:\/\/anggytasetyorini.fr\/wp-content\/uploads\/2023\/09\/exif_temp_image7-768x1152.jpg 768w, https:\/\/anggytasetyorini.fr\/wp-content\/uploads\/2023\/09\/exif_temp_image7-1024x1536.jpg 1024w, https:\/\/anggytasetyorini.fr\/wp-content\/uploads\/2023\/09\/exif_temp_image7-600x900.jpg 600w\" sizes=\"(max-width: 1280px) 100vw, 1280px\" \/>\t\t\t\t\t\t\t\t\t\t\t\t\t\t\t<\/div>\n\t\t\t\t<\/div>\n\t\t\t\t<\/div>\n\t\t\t\t<\/div>\n\t\t<div class=\"elementor-element elementor-element-e9283e0 e-flex e-con-boxed e-con e-parent\" data-id=\"e9283e0\" data-element_type=\"container\" data-e-type=\"container\">\n\t\t\t\t\t<div class=\"e-con-inner\">\n\t\t\t\t<div class=\"elementor-element elementor-element-133ea5b elementor-view-default elementor-widget elementor-widget-icon\" data-id=\"133ea5b\" data-element_type=\"widget\" data-e-type=\"widget\" data-widget_type=\"icon.default\">\n\t\t\t\t<div class=\"elementor-widget-container\">\n\t\t\t\t\t\t\t<div class=\"elementor-icon-wrapper\">\n\t\t\t<a class=\"elementor-icon\" href=\"#text-french\">\n\t\t\t<svg xmlns=\"http:\/\/www.w3.org\/2000\/svg\" width=\"31\" height=\"58\" viewBox=\"0 0 31 58\" fill=\"none\"><g clip-path=\"url(#clip0_109_39)\"><path d=\"M14.6243 54.0792L13.4395 0H17.5598L16.3927 54.0792H14.6243Z\" fill=\"#0B1C16\"><\/path><path d=\"M0 40.7448C9.08956 40.8508 16.8705 49.0457 16.393 58H14.6246C14.4832 50.3526 7.55105 43.8356 0 44.2948V40.7448Z\" fill=\"#0B1C16\"><\/path><path d=\"M30.9994 44.1005C23.3776 43.7119 16.4455 50.3173 16.3748 58H14.6064C14.182 49.081 21.9806 40.9744 30.9994 40.9391V44.1005Z\" fill=\"#0B1C16\"><\/path><\/g><defs><clipPath id=\"clip0_109_39\"><rect width=\"31\" height=\"58\" fill=\"white\"><\/rect><\/clipPath><\/defs><\/svg>\t\t\t<\/a>\n\t\t<\/div>\n\t\t\t\t\t\t<\/div>\n\t\t\t\t<\/div>\n\t\t\t\t\t<\/div>\n\t\t\t\t<\/div>\n\t\t<div class=\"elementor-element elementor-element-1cebc60 e-flex e-con-boxed e-con e-parent\" data-id=\"1cebc60\" data-element_type=\"container\" data-e-type=\"container\">\n\t\t\t\t\t<div class=\"e-con-inner\">\n\t\t<div class=\"elementor-element elementor-element-dd2b3da e-con-full e-flex e-con e-child\" data-id=\"dd2b3da\" data-element_type=\"container\" data-e-type=\"container\">\n\t\t\t\t<div class=\"elementor-element elementor-element-852e1f5 elementor-widget elementor-widget-heading\" data-id=\"852e1f5\" data-element_type=\"widget\" data-e-type=\"widget\" data-widget_type=\"heading.default\">\n\t\t\t\t<div class=\"elementor-widget-container\">\n\t\t\t\t\t<h2 class=\"elementor-heading-title elementor-size-default\">HISTORY<\/h2>\t\t\t\t<\/div>\n\t\t\t\t<\/div>\n\t\t\t\t<div class=\"elementor-element elementor-element-524993a elementor-widget elementor-widget-text-editor\" data-id=\"524993a\" data-element_type=\"widget\" data-e-type=\"widget\" id=\"text-french\" data-widget_type=\"text-editor.default\">\n\t\t\t\t<div class=\"elementor-widget-container\">\n\t\t\t\t\t\t\t\t\t<p><em>Fran\u00e7ais<\/em><\/p><p><br \/>Ses tableaux aux couleurs vibrantes, nous transportent dans des sc\u00e8nes color\u00e9s m\u00ealants politique, nature indon\u00e9sienne et du v\u00e9cu de Anggyta. Les coups de pinceau habiles et expressifs donnent vie aux diff\u00e9rentes compositions, cr\u00e9ant des mouvements saisissants notamment avec le tableau \u201cBeware crocodile\u201d qui est une symbiose entre le danger et la po\u00e9sie.<\/p><p>Les oeuvres d\u2019Anggyta transmettent une \u00e9nergie indomptable et une harmonie mystique, invitant le public \u00e0 explorer les profondeurs de la nature sauvage et \u00e0 se laisser emporter par la danse envo\u00fbtante des cr\u00e9atures de la jungle Indon\u00e9sienne.<\/p><p>\u00a0<\/p><p>\u00a0<\/p><p>\u00a0<\/p><p><em>English<\/em><\/p><p><br \/>Her vibrantly colored paintings transport us into colorful scenes blending politics, Indonesian nature and Anggyta&rsquo;s own experience. Skilful, expressive brushstrokes bring the various compositions to life, creating striking movements, notably in the painting \u00ab\u00a0Beware crocodile\u00a0\u00bb, a symbiosis of danger and poetry.<br \/><br \/>Anggyta&rsquo;s works convey an indomitable energy and mystical harmony, inviting the public to explore the depths of the wilderness and be carried away by the spellbinding dance of the creatures of the Indonesian jungle.<\/p>\t\t\t\t\t\t\t\t<\/div>\n\t\t\t\t<\/div>\n\t\t\t\t<\/div>\n\t\t<div class=\"elementor-element elementor-element-2e5a9bd e-con-full e-flex elementor-invisible e-con e-child\" data-id=\"2e5a9bd\" data-element_type=\"container\" data-e-type=\"container\" data-settings=\"{&quot;animation&quot;:&quot;fadeInUp&quot;}\">\n\t\t\t\t<div class=\"elementor-element elementor-element-6603cef elementor-invisible elementor-widget elementor-widget-image\" data-id=\"6603cef\" data-element_type=\"widget\" data-e-type=\"widget\" data-settings=\"{&quot;_animation&quot;:&quot;fadeIn&quot;}\" data-widget_type=\"image.default\">\n\t\t\t\t<div class=\"elementor-widget-container\">\n\t\t\t\t\t\t\t\t\t\t\t\t\t\t\t<img loading=\"lazy\" decoding=\"async\" width=\"2001\" height=\"2560\" src=\"https:\/\/anggytasetyorini.fr\/wp-content\/uploads\/2023\/09\/exif_temp_image6-scaled.jpg\" class=\"attachment-full size-full wp-image-135\" alt=\"\" srcset=\"https:\/\/anggytasetyorini.fr\/wp-content\/uploads\/2023\/09\/exif_temp_image6-scaled.jpg 2001w, https:\/\/anggytasetyorini.fr\/wp-content\/uploads\/2023\/09\/exif_temp_image6-235x300.jpg 235w, https:\/\/anggytasetyorini.fr\/wp-content\/uploads\/2023\/09\/exif_temp_image6-800x1024.jpg 800w, https:\/\/anggytasetyorini.fr\/wp-content\/uploads\/2023\/09\/exif_temp_image6-768x982.jpg 768w, https:\/\/anggytasetyorini.fr\/wp-content\/uploads\/2023\/09\/exif_temp_image6-1201x1536.jpg 1201w, https:\/\/anggytasetyorini.fr\/wp-content\/uploads\/2023\/09\/exif_temp_image6-1601x2048.jpg 1601w, https:\/\/anggytasetyorini.fr\/wp-content\/uploads\/2023\/09\/exif_temp_image6-600x768.jpg 600w\" sizes=\"(max-width: 2001px) 100vw, 2001px\" \/>\t\t\t\t\t\t\t\t\t\t\t\t\t\t\t<\/div>\n\t\t\t\t<\/div>\n\t\t\t\t<div class=\"elementor-element elementor-element-6d40465 elementor-widget elementor-widget-button\" data-id=\"6d40465\" data-element_type=\"widget\" data-e-type=\"widget\" data-widget_type=\"button.default\">\n\t\t\t\t<div class=\"elementor-widget-container\">\n\t\t\t\t\t\t\t\t\t<div class=\"elementor-button-wrapper\">\n\t\t\t\t\t<a class=\"elementor-button elementor-button-link elementor-size-sm\" href=\"http:\/\/anggytasetyorini.fr\/index.php\/galerie\/\">\n\t\t\t\t\t\t<span class=\"elementor-button-content-wrapper\">\n\t\t\t\t\t\t\t\t\t<span class=\"elementor-button-text\">DISCOVER MY WORK<\/span>\n\t\t\t\t\t<\/span>\n\t\t\t\t\t<\/a>\n\t\t\t\t<\/div>\n\t\t\t\t\t\t\t\t<\/div>\n\t\t\t\t<\/div>\n\t\t\t\t<\/div>\n\t\t\t\t\t<\/div>\n\t\t\t\t<\/div>\n\t\t<div class=\"elementor-element elementor-element-5462d3d e-flex e-con-boxed e-con e-parent\" data-id=\"5462d3d\" data-element_type=\"container\" data-e-type=\"container\">\n\t\t\t\t\t<div class=\"e-con-inner\">\n\t\t\t\t<div class=\"elementor-element elementor-element-189f3d0 elementor-widget elementor-widget-heading\" data-id=\"189f3d0\" data-element_type=\"widget\" data-e-type=\"widget\" data-widget_type=\"heading.default\">\n\t\t\t\t<div class=\"elementor-widget-container\">\n\t\t\t\t\t<h2 class=\"elementor-heading-title elementor-size-default\">EXHIBITIONS\/ <p>\nEXPOSITIONS<\/h2>\t\t\t\t<\/div>\n\t\t\t\t<\/div>\n\t\t\t\t<div class=\"elementor-element elementor-element-7a011ff elementor-widget elementor-widget-text-editor\" data-id=\"7a011ff\" data-element_type=\"widget\" data-e-type=\"widget\" data-widget_type=\"text-editor.default\">\n\t\t\t\t<div class=\"elementor-widget-container\">\n\t\t\t\t\t\t\t\t\t<p>DUBAI<\/p>\t\t\t\t\t\t\t\t<\/div>\n\t\t\t\t<\/div>\n\t\t\t\t\t<\/div>\n\t\t\t\t<\/div>\n\t\t<div class=\"elementor-element elementor-element-afdb6ee e-flex e-con-boxed e-con e-parent\" data-id=\"afdb6ee\" data-element_type=\"container\" data-e-type=\"container\">\n\t\t\t\t\t<div class=\"e-con-inner\">\n\t\t<div class=\"elementor-element elementor-element-5e84069 e-con-full e-flex e-con e-child\" data-id=\"5e84069\" data-element_type=\"container\" data-e-type=\"container\">\n\t\t\t\t<div class=\"elementor-element elementor-element-dfa3d19 elementor-invisible elementor-widget elementor-widget-image\" data-id=\"dfa3d19\" data-element_type=\"widget\" data-e-type=\"widget\" data-settings=\"{&quot;_animation&quot;:&quot;fadeInUp&quot;}\" data-widget_type=\"image.default\">\n\t\t\t\t<div class=\"elementor-widget-container\">\n\t\t\t\t\t\t\t\t\t\t\t\t\t\t\t<img loading=\"lazy\" decoding=\"async\" width=\"500\" height=\"678\" src=\"https:\/\/anggytasetyorini.fr\/wp-content\/uploads\/2023\/09\/IMG_9386-1.png\" class=\"attachment-full size-full wp-image-216\" alt=\"\" srcset=\"https:\/\/anggytasetyorini.fr\/wp-content\/uploads\/2023\/09\/IMG_9386-1.png 500w, https:\/\/anggytasetyorini.fr\/wp-content\/uploads\/2023\/09\/IMG_9386-1-221x300.png 221w\" sizes=\"(max-width: 500px) 100vw, 500px\" \/>\t\t\t\t\t\t\t\t\t\t\t\t\t\t\t<\/div>\n\t\t\t\t<\/div>\n\t\t\t\t<\/div>\n\t\t<div class=\"elementor-element elementor-element-e5bb642 e-con-full e-flex e-con e-child\" data-id=\"e5bb642\" data-element_type=\"container\" data-e-type=\"container\">\n\t\t\t\t<div class=\"elementor-element elementor-element-1e6332b elementor-invisible elementor-widget elementor-widget-image\" data-id=\"1e6332b\" data-element_type=\"widget\" data-e-type=\"widget\" data-settings=\"{&quot;_animation&quot;:&quot;fadeInUp&quot;}\" data-widget_type=\"image.default\">\n\t\t\t\t<div class=\"elementor-widget-container\">\n\t\t\t\t\t\t\t\t\t\t\t\t\t\t\t<img loading=\"lazy\" decoding=\"async\" width=\"498\" height=\"678\" src=\"https:\/\/anggytasetyorini.fr\/wp-content\/uploads\/2023\/09\/IMG_9387-1.png\" class=\"attachment-full size-full wp-image-219\" alt=\"\" srcset=\"https:\/\/anggytasetyorini.fr\/wp-content\/uploads\/2023\/09\/IMG_9387-1.png 498w, https:\/\/anggytasetyorini.fr\/wp-content\/uploads\/2023\/09\/IMG_9387-1-220x300.png 220w\" sizes=\"(max-width: 498px) 100vw, 498px\" \/>\t\t\t\t\t\t\t\t\t\t\t\t\t\t\t<\/div>\n\t\t\t\t<\/div>\n\t\t\t\t<\/div>\n\t\t\t\t\t<\/div>\n\t\t\t\t<\/div>\n\t\t<div class=\"elementor-element elementor-element-6113284 e-flex e-con-boxed e-con e-parent\" data-id=\"6113284\" data-element_type=\"container\" data-e-type=\"container\">\n\t\t\t\t\t<div class=\"e-con-inner\">\n\t\t\t\t<div class=\"elementor-element elementor-element-a5723f3 elementor-widget elementor-widget-text-editor\" data-id=\"a5723f3\" data-element_type=\"widget\" data-e-type=\"widget\" data-widget_type=\"text-editor.default\">\n\t\t\t\t<div class=\"elementor-widget-container\">\n\t\t\t\t\t\t\t\t\t<p>IN-SITU17 IN SOUTH OF FRANCE, AIX-EN-PROVENCE<\/p>\t\t\t\t\t\t\t\t<\/div>\n\t\t\t\t<\/div>\n\t\t\t\t\t<\/div>\n\t\t\t\t<\/div>\n\t\t<div class=\"elementor-element elementor-element-a586710 e-flex e-con-boxed e-con e-parent\" data-id=\"a586710\" data-element_type=\"container\" data-e-type=\"container\">\n\t\t\t\t\t<div class=\"e-con-inner\">\n\t\t<div class=\"elementor-element elementor-element-8d786cd e-con-full e-flex e-con e-child\" data-id=\"8d786cd\" data-element_type=\"container\" data-e-type=\"container\">\n\t\t\t\t<div class=\"elementor-element elementor-element-715652b animated-slow elementor-invisible elementor-widget elementor-widget-image\" data-id=\"715652b\" data-element_type=\"widget\" data-e-type=\"widget\" data-settings=\"{&quot;_animation&quot;:&quot;fadeInUp&quot;}\" data-widget_type=\"image.default\">\n\t\t\t\t<div class=\"elementor-widget-container\">\n\t\t\t\t\t\t\t\t\t\t\t\t\t\t\t<img loading=\"lazy\" decoding=\"async\" width=\"521\" height=\"666\" src=\"https:\/\/anggytasetyorini.fr\/wp-content\/uploads\/2023\/11\/IMG_9384.jpg\" class=\"attachment-full size-full wp-image-689\" alt=\"\" srcset=\"https:\/\/anggytasetyorini.fr\/wp-content\/uploads\/2023\/11\/IMG_9384.jpg 521w, https:\/\/anggytasetyorini.fr\/wp-content\/uploads\/2023\/11\/IMG_9384-235x300.jpg 235w\" sizes=\"(max-width: 521px) 100vw, 521px\" \/>\t\t\t\t\t\t\t\t\t\t\t\t\t\t\t<\/div>\n\t\t\t\t<\/div>\n\t\t\t\t<\/div>\n\t\t<div class=\"elementor-element elementor-element-a82fa8a e-con-full e-flex e-con e-child\" data-id=\"a82fa8a\" data-element_type=\"container\" data-e-type=\"container\">\n\t\t\t\t<div class=\"elementor-element elementor-element-27842de elementor-invisible elementor-widget elementor-widget-image\" data-id=\"27842de\" data-element_type=\"widget\" data-e-type=\"widget\" data-settings=\"{&quot;_animation&quot;:&quot;fadeInUp&quot;,&quot;_animation_delay&quot;:3}\" data-widget_type=\"image.default\">\n\t\t\t\t<div class=\"elementor-widget-container\">\n\t\t\t\t\t\t\t\t\t\t\t\t\t\t\t<img loading=\"lazy\" decoding=\"async\" width=\"521\" height=\"667\" src=\"https:\/\/anggytasetyorini.fr\/wp-content\/uploads\/2023\/09\/IMG_9382.png\" class=\"attachment-full size-full wp-image-217\" alt=\"\" srcset=\"https:\/\/anggytasetyorini.fr\/wp-content\/uploads\/2023\/09\/IMG_9382.png 521w, https:\/\/anggytasetyorini.fr\/wp-content\/uploads\/2023\/09\/IMG_9382-234x300.png 234w\" sizes=\"(max-width: 521px) 100vw, 521px\" \/>\t\t\t\t\t\t\t\t\t\t\t\t\t\t\t<\/div>\n\t\t\t\t<\/div>\n\t\t\t\t<\/div>\n\t\t<div class=\"elementor-element elementor-element-f9e46c4 e-con-full e-flex e-con e-child\" data-id=\"f9e46c4\" data-element_type=\"container\" data-e-type=\"container\">\n\t\t\t\t<div class=\"elementor-element elementor-element-e30a8c6 animated-fast elementor-invisible elementor-widget elementor-widget-image\" data-id=\"e30a8c6\" data-element_type=\"widget\" data-e-type=\"widget\" data-settings=\"{&quot;_animation&quot;:&quot;fadeInUp&quot;,&quot;_animation_delay&quot;:5}\" data-widget_type=\"image.default\">\n\t\t\t\t<div class=\"elementor-widget-container\">\n\t\t\t\t\t\t\t\t\t\t\t\t\t\t\t<img loading=\"lazy\" decoding=\"async\" width=\"521\" height=\"666\" src=\"https:\/\/anggytasetyorini.fr\/wp-content\/uploads\/2023\/11\/IMG_9383.jpg\" class=\"attachment-full size-full wp-image-688\" alt=\"\" srcset=\"https:\/\/anggytasetyorini.fr\/wp-content\/uploads\/2023\/11\/IMG_9383.jpg 521w, https:\/\/anggytasetyorini.fr\/wp-content\/uploads\/2023\/11\/IMG_9383-235x300.jpg 235w\" sizes=\"(max-width: 521px) 100vw, 521px\" \/>\t\t\t\t\t\t\t\t\t\t\t\t\t\t\t<\/div>\n\t\t\t\t<\/div>\n\t\t\t\t<\/div>\n\t\t\t\t\t<\/div>\n\t\t\t\t<\/div>\n\t\t\t\t<\/div>\n\t\t","protected":false},"excerpt":{"rendered":"<p>HISTORY Fran\u00e7ais Ses tableaux aux couleurs vibrantes, nous transportent dans des sc\u00e8nes color\u00e9s m\u00ealants politique, nature indon\u00e9sienne et du v\u00e9cu de Anggyta. Les coups de pinceau habiles et expressifs donnent vie aux diff\u00e9rentes compositions, cr\u00e9ant des mouvements saisissants notamment avec le tableau \u201cBeware crocodile\u201d qui est une symbiose entre le danger et la po\u00e9sie. Les [&hellip;]<\/p>\n","protected":false},"author":1,"featured_media":0,"parent":0,"menu_order":0,"comment_status":"closed","ping_status":"closed","template":"","meta":{"footnotes":""},"class_list":["post-138","page","type-page","status-publish","hentry"],"_links":{"self":[{"href":"https:\/\/anggytasetyorini.fr\/index.php\/wp-json\/wp\/v2\/pages\/138","targetHints":{"allow":["GET"]}}],"collection":[{"href":"https:\/\/anggytasetyorini.fr\/index.php\/wp-json\/wp\/v2\/pages"}],"about":[{"href":"https:\/\/anggytasetyorini.fr\/index.php\/wp-json\/wp\/v2\/types\/page"}],"author":[{"embeddable":true,"href":"https:\/\/anggytasetyorini.fr\/index.php\/wp-json\/wp\/v2\/users\/1"}],"replies":[{"embeddable":true,"href":"https:\/\/anggytasetyorini.fr\/index.php\/wp-json\/wp\/v2\/comments?post=138"}],"version-history":[{"count":142,"href":"https:\/\/anggytasetyorini.fr\/index.php\/wp-json\/wp\/v2\/pages\/138\/revisions"}],"predecessor-version":[{"id":730,"href":"https:\/\/anggytasetyorini.fr\/index.php\/wp-json\/wp\/v2\/pages\/138\/revisions\/730"}],"wp:attachment":[{"href":"https:\/\/anggytasetyorini.fr\/index.php\/wp-json\/wp\/v2\/media?parent=138"}],"curies":[{"name":"wp","href":"https:\/\/api.w.org\/{rel}","templated":true}]}}